(r). List the prime factors of 2/(1 + 3)*u.
2
Let z = -1745 - -3165. What are the prime factors of z?
2, 5, 71
Let r(u) = -17*u. What are the prime factors of r(-1)?
17
Suppose -3*j = 5*i - 124, -2*j = -3*i + i - 56. List the prime factors of (1 - 11/2)/(j/(-924)).
2, 3, 7
Suppose w + w - 6 = 0. Let d be ((-49)/(-3))/(7/21). Suppose -h - i - d = -w*h, -4*h = i - 83. List the prime factors of h.
2, 11
What are the prime factors of (114/9)/(4/204)?
2, 17, 19
Suppose 3*q - 5*m + 0*m = 3121, 3*q - 3*m - 3111 = 0. List the prime factors of q.
2, 3, 43
Suppose -27*q - 6*q + 30228 = 0. What are the prime factors of q?
2, 229
Let q(k) = 19*k - 146. What are the prime factors of q(14)?
2, 3, 5
Let g be (15/(-12))/((-7)/28). Let b be 223 - 10/g - 4. Suppose -2*p + 245 = 3*v + 3*p, -2*p = -3*v + b. List the prime factors of v.
3, 5
Let k(n) = 21*n**2 - 6*n - 44. List the prime factors of k(-5).
7, 73
Let f(g) = 29*g - 48. List the prime factors of f(20).
2, 7, 19
Let z = -21 + 37. Let j = z + -10. Suppose j*o - 105 = 3*o. What are the prime factors of o?
5, 7
Let j(a) = 100*a**3 - a**2 + a. Let d be j(2). Let q be d/30 - (-6)/15. Let b = q - 2. List the prime factors of b.
5
Suppose 109 + 1382 = 7*c. What are the prime factors of c?
3, 71
Let h(i) = 2*i - 26. Let j be h(15). Suppose 2*g = -5*a - 5, 2*g + 5*a = 2*a + 1. Suppose 15 = q + j*t, -q + g*t = t - 15. List the prime factors of q.
3, 5
Let r = 2365 - 1096. List the prime factors of r.
3, 47
Let z = -142 - 39. Let m = z + 303. What are the prime factors of m?
2, 61
Let t(n) be the third derivative of -13*n**2 + 17/6*n**3 + 1/4*n**4 + 0*n - 1/120*n**6 - 1/12*n**5 + 0. List the prime factors of t(-7).
73
Let h(w) = -w**2 + 12*w - 11. Let v be h(11). Suppose -3*f + v*f + 15 = 0. Suppose -2*t + 20 = 5*u, 0*u + 25 = f*u + 3*t. What are the prime factors of u?
2
Suppose -4*s = -4*o + 72, 3*o + 3*s - 2*s = 38. Suppose -o*j = -10*j. Suppose 0 = 3*h - j*h + b - 101, h + 2*b = 27. What are the prime factors of h?
5, 7
Suppose 4*i + i - 135 = 0. Let s = -12 + 15. Suppose -i - 48 = -s*k. List the prime factors of k.
5
Let i(a) = 2*a + 28. Let u be i(-12). Suppose 2*d = -5*h + 152, 5*h - u*d + 2*d = 148. What are the prime factors of h?
2, 3, 5
Suppose -1426 = -3*t + 275. List the prime factors of t.
3, 7
Let h be 5/(-2 - -12)*2. List the prime factors of 1*((-6)/18)/(h/(-81)).
3
Let h = -205 + 135. Let z = 177 + h. List the prime factors of z.
107
Suppose -3*q - l - 6 = 2*q, 3*l = 2*q + 16. What are the prime factors of q/10*-297 - (-4)/(-10)?
59
Let g(v) = 21*v**2 - v. Let z(h) = -h**3 + 2*h - 4. Let f be z(2). Let j be (-4)/1*2/f. What are the prime factors of g(j)?
2, 5
List the prime factors of (-55599)/(-33) - 48/(-264).
5, 337
Suppose -k + 4*q = 18, 5*k + 2*q + 14 = 3*q. Let m(o) = -6*o**3 + o. List the prime factors of m(k).
2, 23
Suppose -94 = -4*i - 54. Suppose -i*t + 909 = -6*t - 5*b, -912 = -4*t + 4*b. What are the prime factors of t?
3, 7, 11
Let a = -538 - -318. Let p = -139 - a. List the prime factors of p.
3
Suppose -3*y = -5*w + 273, -5*y - 265 = -5*w - 0*y. Let r = 68 - w. List the prime factors of r.
11
Suppose -9*l = -3549 - 6009. List the prime factors of l.
2, 3, 59
Let s(q) = 5*q**2 - q. Let g be s(-1). Suppose -2 = -f + z, 0*f = -3*f + 5*z + g. Suppose 2*y = -y + 3*n + 18, 0 = -3*y - f*n + 18. List the prime factors of y.
2, 3
Suppose -4*u + 0*u = 20, -5*m - 255 = -5*u. Let n = m + 174. List the prime factors of n.
2, 59
Let n = -36 + 41. Suppose n*d - 735 = -4*f, 2*f + 2*f = 4*d - 624. List the prime factors of d.
151
Let c(s) = 775*s**3 - s**2 + 4*s - 4. What are the prime factors of c(1)?
2, 3, 43
What are the prime factors of 845/(-26)*324/(-15)?
2, 3, 13
Let a = -56 - -48. Let q(n) = -n + 7. What are the prime factors of q(a)?
3, 5
Let q(o) = -o**3 - 9*o**2 - 7*o - 6. Let i be q(-8). List the prime factors of ((-4)/6)/((-11)/((-15477)/i)).
67
Let g = 8532 + -4307. What are the prime factors of g?
5, 13
Let r(v) = -v**3 + 9*v**2 + 11*v + 4. Let h be r(10). Suppose 2*s - h = -3*b + b, 2*b - 2 = 0. Let f(l) = l**3 - 6*l**2 + 8. What are the prime factors of f(s)?
2
Let b(g) = -2*g**3 + 3*g**2 - 2*g - 2. Let c be b(2). Let l be (-5)/20 + c/(-8). Let p(y) = 6*y**3 - y**2 + 1. List the prime factors of p(l).
2, 3
What are the prime factors of (26/(-4))/(144/(-65952))?
13, 229
Let q(z) = -106*z + 233. What are the prime factors of q(-7)?
3, 5, 13
Suppose 0*f + 3*f - 2*a - 5 = 0, -4*f + 14 = a. Suppose 0 = f*w - 132 - 3. What are the prime factors of w?
3, 5
Let f = -202 - -772. What are the prime factors of f?
2, 3, 5, 19
Let j = 22 + -88. Let i = 28 - j. List the prime factors of i.
2, 47
Let k(d) = d**2 - 9*d. Suppose s + 4*s - 45 = 0. Let x be k(s). List the prime factors of 7 + -2 + -1 + x.
2
Let x(r) = -196*r**3 - 4*r - 4. What are the prime factors of x(-2)?
2, 3, 131
Let v be 11/33*-6*1. Let o be 4/((-24)/(-9))*v. Let w = o + 21. What are the prime factors of w?
2, 3
Let o(l) = -l**2 - 5*l + 10. Let t be o(-6). Suppose -3*w + 39 + 41 = 5*r, 6 = 2*r - t*w. What are the prime factors of r?
13
Suppose -5*r = -12 - 13. Suppose o = r*o. Suppose 9 = -o*d + d. List the prime factors of d.
3
Let a(w) = -w + 8. Let m be a(7). What are the prime factors of 80 - (m - 0)/((-4)/4)?
3
Let s(v) = -2*v - 5 - 56 - 2*v. What are the prime factors of s(-26)?
43
Let m(d) = 5 - 1 - 5*d + 3 + 6*d. Let y be m(-7). Suppose 64 = 2*j - y*j. List the prime factors of j.
2
Suppose -3059 + 137 = -6*l. What are the prime factors of l?
487
List the prime factors of (4/(-24)*428)/(6/(-45)).
5, 107
Let t = 15 - 10. Suppose 216 + 34 = t*z. List the prime factors of z.
2, 5
Suppose -6*y + 9*y + 321 = 0. Let a = -69 - y. List the prime factors of a.
2, 19
Let u = -45 - -75. Let i = -14 + u. List the prime factors of (i - -3)*(3 - 2).
19
Let a be 14/(-14) - -6*1. Suppose -r + 64 = a. List the prime factors of r.
59
Let w(n) = -n**3 - 8*n**2 - 10*n - 15. Let f(v) = v**3 + 2*v - 8. Let i be f(0). List the prime factors of w(i).
5, 13
Suppose d = -4*j + 49, 8*d - 3*d - 17 = -j. Let z = -7 + j. Suppose -q - 2*r = 3, z*q + 2*r - 14 = 11. What are the prime factors of q?
7
Let u be (-2)/1*(-216)/(-12). What are the prime factors of 64/(-3)*u/(5 + 1)?
2
Suppose -i = 5*t - 685, 6*i = -t + i + 113. Suppose 3*o - t + 42 = 0. List the prime factors of o.
2
Suppose 1480*c - 1477*c = 2529. What are the prime factors of c?
3, 281
Let h(w) = -w**2 - 10*w - 11. Let a be h(-8). Suppose q + 0 = a. Suppose 5 = q*b - 5. List the prime factors of b.
2
List the prime factors of (-5)/15*6 - (2 - 713).
709
Let j = 33 + -29. Suppose f + f - j*k = 14, -f - 2*k = -3. List the prime factors of f.
5
Let w(f) = -f**3 - 3*f**2 - 5*f - 1. Let m be w(-4). Let j = 71 - m. What are the prime factors of j?
2, 3
Let x = -555 - -794. List the prime factors of x.
239
Suppose -93962 = -37*v + 16150. List the prime factors of v.
2, 3, 31
Let v = -5 - -10. Let p = v - 10. Let c(o) = -o**3 - 2*o**2 + 3*o + 1. List the prime factors of c(p).
61
Let o(f) = 3*f**3 + 2*f**2 - 2*f + 4. Let w = 8 - 7. Let i(a) = 2*a. Let j be i(w). What are the prime factors of o(j)?
2
Suppose -2*t = -x + 3*x + 440, -t = 5*x + 1108. Let b = x - -381. List the prime factors of b.
3, 53
Let o(b) be the first derivative of -b**2 + 35*b - 5. What are the prime factors of o(-19)?
73
What are the prime factors of (1246/1)/(72/36)?
7, 89
List the prime factors of (12*11)/((-3)/(120/(-16))).
2, 3, 5, 11
Let w(r) = 3*r**2 + 12*r + 9. Let o be w(-9). Suppose 0*y + o = 4*y. What are the prime factors of (0 + 18)*y/27?
2, 3
Let m = 318 + -194. Suppose 0*y + y = -5*d + 15, 4*y - m = -4*d. Suppose 5*a - 5 - y = 0. What are the prime factors of a?
2
Suppose -106 = -7*w + 69. Let o = 22 + w. What are the prime factors of o?
47
Let t = -82 + 118. Let a = t - 16. List the prime factors of a.
2, 5
Let m = -31 - -77. Let p = m + 41. What are the prime factors of p?
3, 29
Suppose 4*q - 2460 = -412. Suppose -q = -4*x - 164. List the prime factors of x.
3, 29
Let c = 47 - 99. Let t = 93 + c. Let a = t + -25. What are the prime factors of a?
2
Let t(i) = i**3 + 20*i**2 + 9*i + 10. List the prime factors of t(-15).
2, 5
Let i = 4266 - 2329. List the prime factors of i.
13, 149
Suppose 0 = 2*u + 2*l - 27